 by 934?
619
What is the remainder when 109742352 is divided by 961?
957
Calculate the remainder when 15804 is divided by 227.
141
What is the remainder when 1075340 is divided by 119478?
38
Calculate the remainder when 813780 is divided by 626.
606
What is the remainder when 312000693 is divided by 284?
281
Calculate the remainder when 9347602 is divided by 346207.
13
What is the remainder when 4035069 is divided by 6?
3
Calculate the remainder when 1945056 is divided by 68.
52
Calculate the remainder when 215339 is divided by 70634.
3437
Calculate the remainder when 1557375 is divided by 2114.
1471
Calculate the remainder when 28435 is divided by 5645.
210
What is the remainder when 37169 is divided by 2244?
1265
What is the remainder when 1900080 is divided by 25?
5
What is the remainder when 26613 is divided by 8799?
216
What is the remainder when 294883 is divided by 9506?
197
What is the remainder when 2728258 is divided by 181857?
403
What is the remainder when 3887244 is divided by 41?
34
What is the remainder when 12500301 is divided by 6249918?
465
Calculate the remainder when 1877176 is divided by 446.
408
Calculate the remainder when 228962 is divided by 17240.
4842
Calculate the remainder when 16300 is divided by 16006.
294
What is the remainder when 5757983 is divided by 39?
23
What is the remainder when 869970 is divided by 14?
10
What is the remainder when 128262623 is divided by 32065655?
3
Calculate the remainder when 4262060 is divided by 12646.
358
What is the remainder when 35452646 is divided by 81?
80
Calculate the remainder when 12756 is divided by 877.
478
Calculate the remainder when 657109 is divided by 77.
68
What is the remainder when 149317572 is divided by 7?
5
Calculate the remainder when 36940 is divided by 9229.
24
What is the remainder when 31741225 is divided by 3230?
15
What is the remainder when 11045515 is divided by 106?
103
What is the remainder when 86151429 is divided by 19?
14
Calculate the remainder when 4876100 is divided by 1329.
1328
Calculate the remainder when 107140 is divided by 198.
22
What is the remainder when 16479311 is divided by 4119812?
63
Calculate the remainder when 10439218 is divided by 8892.
10
What is the remainder when 10666937 is divided by 591?
569
Calculate the remainder when 1618442 is divided by 104.
98
What is the remainder when 1363571647 is divided by 5276?
5275
What is the remainder when 19850 is divided by 2794?
292
Calculate the remainder when 811111 is divided by 180.
31
Calculate the remainder when 11038742 is divided by 46381.
64
Calculate the remainder when 17226583 is divided by 676.
75
Calculate the remainder when 39412 is divided by 19218.
976
Calculate the remainder when 21195348 is divided by 13.
5
What is the remainder when 13412501 is divided by 455?
11
What is the remainder when 2032160 is divided by 5537?
81
Calculate the remainder when 905018 is divided by 19652.
1026
Calculate the remainder when 1611466 is divided by 70062.
40
What is the remainder when 164859906 is divided by 28?
22
What is the remainder when 31048643 is divided by 716?
19
What is the remainder when 10794872 is divided by 15577?
11
What is the remainder when 47191413 is divided by 3355?
3338
Calculate the remainder when 1773651 is divided by 169.
165
Calculate the remainder when 118564 is divided by 6324.
4732
What is the remainder when 468864 is divided by 135?
9
What is the remainder when 15877 is divided by 2414?
1393
Calculate the remainder when 75518591 is divided by 3157.
3151
What is the remainder when 4656 is divided by 161?
148
What is the remainder when 169420 is divided by 59?
31
What is the remainder when 1700012 is divided by 1324?
1320
What is the remainder when 12040131 is divided by 33?
15
What is the remainder when 11621 is divided by 3881?
3859
What is the remainder when 244237 is divided by 688?
685
What is the remainder when 32018457 is divided by 41?
40
What is the remainder when 55046932 is divided by 9994?
9974
Calculate the remainder when 2832558 is divided by 1416231.
96
Calculate the remainder when 114635 is divided by 3700.
3635
Calculate the remainder when 11594245 is divided by 14.
5
What is the remainder when 6339042 is divided by 51?
48
Calculate the remainder when 2482555 is divided by 10.
5
Calculate the remainder when 283910 is divided by 21820.
250
What is the remainder when 20762631 is divided by 6920870?
21
Calculate the remainder when 52533 is divided by 2430.
1503
Calculate the remainder when 1384327 is divided by 840.
7
What is the remainder when 11569786 is divided by 2892429?
70
Calculate the remainder when 1272940 is divided by 113.
108
Calculate the remainder when 25463 is divided by 662.
307
What is the remainder when 30380916 is divided by 1221?
1215
What is the remainder when 42466382 is divided by 1831?
1830
What is the remainder when 4122161 is divided by 981?
980
Calculate the remainder when 5736054 is divided by 1434006.
30
What is the remainder when 9907877 is divided by 32?
5
What is the remainder when 319064558 is divided by 24269?
15
What is the remainder when 32388462 is divided by 11?
7
What is the remainder when 11555 is divided by 1776?
899
Calculate the remainder when 2302786 is divided by 704.
2
What is the remainder when 4009630 is divided by 59844?
82
Calculate the remainder when 5865 is divided by 836.
13
What is the remainder when 1378963 is divided by 24?
19
Calculate the remainder when 1538705 is divided by 1538697.
8
What is the remainder when 1098831 is divided by 14458?
23
Calculate the remainder when 7476145 is divided by 66.
61
Calculate the remainder when 282217 is divided by 15.
7
Calculate the remainder when 6062576 is divided by 505214.
8
What is the remainder when 48917 is divided by 8714?
5347
What is the remainder when 397874 is divided by 116?
110
Calculate the remainder when 4921342 is divided by 2468.
150
Calculate the remainder when 1706242 is divided by 970.
12
Calculate the remainder when 21635889 is divided by 405.
384
What is the remainder when 334168927 is divided by 1379?
1373
What is the remainder when 258433 is divided by 656?
625
Calculate the remainder when 148992 is divided by 14891.
82
Calculate the remainder when 17491 is divided by 3450.
241
Calculate the remainder when 18624973 is divided by 42.
31
What is the remainder when 3839910 is divided by 7616?
1446
Calculate the remainder when 48282 is divided by 302.
264
Calculate the remainder when 344380 is divided by 818.
2
What is the remainder when 6614685 is divided by 2804?
49
What is the remainder when 104793140 is divided by 3259?
3254
What is the remainder when 246729 is divided by 22?
21
Calculate the remainder when 1360688154 is divided by 13130.
13124
Calculate the remainder when 31946 is divided by 392.
194
Calculate the remainder when 95518 is divided by 1403.
114
Calculate the remainder when 13139 is divided by 3141.
575
Calculate the remainder when 8096075 is divided by 50286.
29
What is the remainder when 58748 is divided by 28967?
814
Calculate the remainder when 50019766 is divided by 60.
46
What is the remainder when 1914203 is divided by 269?
268
What is the remainder when 61058997 is divided by 52?
25
What is the remainder when 554399 is divided by 1918?
97
What is the remainder when 43672450 is divided by 8837?
8833
What is the remainder when 86999720 is divided by 21749924?
24
What is the remainder when 52641 is divided by 1637?
257
Calculate the remainder when 264986 is divided by 257.
19
Calculate the remainder when 4163458 is divided by 26350.
158
What is the remainder when 26307721 is divided by 48718?
1
What is the remainder when 1268158 is divided by 941?
631
Calculate the remainder when 2164100 is divided by 135249.
116
What is the remainder when 494304 is divided by 1914?
492
Calculate the remainder when 4501630 is divided by 812.
714
Calculate the remainder when 8272683 is divided by 120.
3
Calculate the remainder when 2449409425 is divided by 346.
343
Calculate the remainder when 50441064 is divided by 291.
288
What is the remainder when 2025482 is divided by 354?
248
What is the remainder when 644451 is divided by 54?
15
Calculate the remainder when 5574342 is divided by 124.
46
What is the remainder when